{"id":33,"date":"2023-07-12T18:47:37","date_gmt":"2023-07-12T18:47:37","guid":{"rendered":"https:\/\/markficompany.com\/home\/home\/"},"modified":"2023-08-23T02:21:51","modified_gmt":"2023-08-23T02:21:51","slug":"home","status":"publish","type":"page","link":"https:\/\/markficompany.com\/home\/","title":{"rendered":"Home"},"content":{"rendered":"\n\n\n\n\n\n\n\n\r\n<h1>\u00a0<\/h1>\r\n<h1>Servicios <span style=\"color: #ffffff;\">TI<\/span> dise\u00f1ado<\/h1>\r\n\n\r\n<h1>para tu Negocio<\/h1>\r\n\n\n\n\n\n\n\n\n\r\n<p style=\"text-align: justify;\">Las soluciones en la nube han transformado la manera en que las empresas administran sus datos, aplicaciones y servicios. Proporcione un enfoque flexible, escalable y rentable, esto le permitir\u00e1 a su empresa liberarse de las limitaciones f\u00edsicas de los servidores locales y aprovechar la tendencia de la computaci\u00f3n distribuida.<\/p>\r\n\n\n\n\n\n\n\n\r\n<h6>Los desaf\u00edos son Oportunidades.\u00a0<\/h6>\r\n\n\r\n<h2>Herramientas modernas que apoyan <span style=\"color: #2a83f9;\">Tu \u00c9xito.<\/span><\/h2>\r\n\n\r\n<h4>Tecnolog\u00eda innovadora y exitosa<\/h4>\r\n\n\n\n\r\n<p style=\"text-align: justify;\">En el mundo empresarial altamente competitivo de hoy en d\u00eda, contar con tecnolog\u00eda de punta se ha convertido en un factor crucial para lograr el \u00e9xito. Las soluciones tecnol\u00f3gicas avanzadas no solo optimizan la eficiencia operativa, sino que tambi\u00e9n impulsan la innovaci\u00f3n y la productividad. . Al aprovechar estas tecnolog\u00edas de vanguardia, las empresas pueden obtener una ventaja competitiva y lograr un mayor crecimiento y \u00e9xito a largo plazo.<\/p>\r\n\n\n\n\n\n\r\n<p style=\"font-size: 16px; text-align: justify;\"><span style=\"background-color: #fefefe;\">Descubre el poder del Business Intelligence y toma las desiciones acertadas para tu empresa. Optimiza tu flujo de datos, analiza tendencias y obt\u00e9n informaci\u00f3n valiosa para impulsar tu crecimiento y el \u00e9xito empresarial.<\/span><\/p>\r\n\n\r\n<p style=\"font-size: 16px; text-align: justify;\"><span style=\"background-color: #fefefe;\">Dedicado a proteger y monitorear los sistemas digitales de una organizaci\u00f3n. Su objetivo principal es detectar y prevenir posibles amenazas y ataques cibern\u00e9ticos, as\u00ed como responder de manera efectiva en caso de incidentes de seguridad.<\/span><\/p>\r\n\n\n\n\r\n<p style=\"font-size: 16px; text-align: justify;\"><span style=\"background-color: #fefefe;\">Eleva tus estrategias comerciales al siguiente nivel con nuestra potente herramienta basada en Machine Learning. Anticipa las tendencias del mercado, identifica oportunidades ocultas y toma decisiones en pron\u00f3sticos confiables.<\/span><\/p>\r\n\n\r\n<p style=\"font-size: 16px; text-align: justify;\"><span style=\"text-align: left; padding: 0px; margin: 0px; overflow-wrap: break-word; font-variant-numeric: normal; font-variant-east-asian: normal; font-variant-alternates: normal; vertical-align: baseline;\">Su objetivo principal es detectar vulnerabilidades y debilidades de un sistema inform\u00e1tico, aplicativo, infraestructura, personas y\/o procesos.\u00a0<\/span><span style=\"text-align: left;\">La empresa propietaria del sistema permite que un \u00abhacker de sombrero blanco\u00bb realice los ejercicios para probar la seguridad del sistema.\u00a0<\/span><\/p>\r\n\n\n\n\r\n<p style=\"font-size: 16px; text-align: justify;\"><span style=\"background-color: #fefefe;\">Construye un entorno flexible y escalable que se adapte a las necesidades cambiantes de tu negocio. Optimiza el almacenamiento y gesti\u00f3n de datos, mejora la colaboraci\u00f3n entre equipos y aumenta la seguridad de tu informaci\u00f3n.<\/span><\/p>\r\n\n\r\n<p style=\"text-align: justify; font-size: 16px;\"><span style=\"text-align: start;\"><span style=\"background-color: #fefefe;\">P<\/span>roceso integrado, robusto y simple que les permita\u00a0mantener una operaci\u00f3n con riesgos acotados, medidos y con un esquema de costos razonables seg\u00fan su tolerancia a riesgo definida.<\/span><span style=\"background-color: #fefefe;\">.<\/span><\/p>\r\n\n\n\n\n\n\r\n<h1><span style=\"text-decoration-style: initial;\">Potencia tu empresa con soluciones en la nube <strong>confiables y escalables.<\/strong><\/span><\/h1>\r\n\n\n\r\n<p><span style=\"color: #ffffff;\">Escalabilidad: La nube permite escalar los recursos de forma flexible seg\u00fan las necesidades de la empresa, permitiendo aumentar o disminuir la capacidad de almacenamiento y procesamiento de datos de manera r\u00e1pida y eficiente.<\/span><\/p>\r\n\n\r\n<p><span style=\"color: #ffffff;\">Accesibilidad: Con las soluciones en la nube, los datos y aplicaciones est\u00e1n disponibles desde cualquier lugar y en cualquier momento, lo que facilita el trabajo remoto, la colaboraci\u00f3n y el acceso a la informaci\u00f3n en tiempo real.<\/span><\/p>\r\n\n\n\n\r\n<p><span style=\"color: #ffffff;\">Costos reducidos: La adopci\u00f3n de soluciones en la nube elimina la necesidad de invertir en infraestructura f\u00edsica costosa, mantenimiento de servidores y actualizaciones de software. Esto conlleva a una reducci\u00f3n de costos en hardware, licencias y personal de TI.<\/span><\/p>\r\n\n\r\n<p><span style=\"color: #ffffff;\">Seguridad y respaldo de datos: Los proveedores de servicios en la nube suelen ofrecer altos niveles de seguridad y redundancia en la protecci\u00f3n de datos. Adem\u00e1s, realizan copias de seguridad autom\u00e1ticas, minimizando los riesgos de p\u00e9rdida de informaci\u00f3n y brindando tranquilidad a las empresas en caso de desastres o fallas t\u00e9cnicas.<\/span><\/p>\r\n\n\n\n\n\n\n\n\n\n\n\n\r\n<h6>Innova sin l\u00edmites, conf\u00eda en la nube<\/h6>\r\n\n\r\n<h2><span style=\"color: #2a83f9;\">CLOUD COMPUTING<\/span>\u00a0en frases<\/h2>\r\n\n\r\n<h4>de Grandes referentes de la industria<\/h4>\r\n\n\n\n\r\n<p>\u00abLa nube no es solo sobre econom\u00eda de escala, sino tambi\u00e9n sobre econom\u00eda de innovaci\u00f3n\u00bb.<\/p>\r\n\n\n\n\r\n<p>\u00abLa nube es sobre c\u00f3mo hacer cosas m\u00e1s inteligentes, m\u00e1s r\u00e1pidas y m\u00e1s seguras\u00bb<\/p>\r\n\n\n\n\r\n<p>\u00abEl cloud computing est\u00e1 democratizando la capacidad de acceso a la tecnolog\u00eda\u00bb<\/p>\r\n\n\n\n\n\n\n\n\r\n<h6>La agilidad de la nube al servicio de tu empresa<\/h6>\r\n<h6>\u00a0<\/h6>\r\n\n\r\n<h2><span style=\"color: #2a83f9;\">So\u00f1amos con tu futuro.<\/span>\u00a0Mientras creamos tu presente<\/h2>\r\n\n\r\n<h4><span style=\"text-align: center;\">La confluencia de tecnolog\u00edas innovadoras, nuevas formas de trabajo y las exigencias del mercado se combinaron para darnos las herramientas con las que te llevaremos al futuro, Hoy&#8230;<\/span><\/h4>\r\n<h4>\u00a0<\/h4>\r\n\n\n\r\n<p><span style=\"font-size: x-large;\">2009<\/span><\/p>\r\n\n\r\n<p><span style=\"font-size: x-large;\">2014<\/span><\/p>\r\n\n\r\n<p><span style=\"font-size: x-large;\">2016<\/span><\/p>\r\n\n\r\n<p><span style=\"font-size: x-large;\">2023<\/span><\/p>\r\n\n\n\n\n\n\nConoce todos nuestros servicios.&nbsp;\n\n\n\n\n\n\n\n","protected":false},"excerpt":{"rendered":"","protected":false},"author":1,"featured_media":0,"parent":0,"menu_order":0,"comment_status":"closed","ping_status":"closed","template":"","meta":{"_monsterinsights_skip_tracking":false,"_monsterinsights_sitenote_active":false,"_monsterinsights_sitenote_note":"","_monsterinsights_sitenote_category":0,"footnotes":""},"class_list":["post-33","page","type-page","status-publish","hentry"],"_links":{"self":[{"href":"https:\/\/markficompany.com\/home\/wp-json\/wp\/v2\/pages\/33","targetHints":{"allow":["GET"]}}],"collection":[{"href":"https:\/\/markficompany.com\/home\/wp-json\/wp\/v2\/pages"}],"about":[{"href":"https:\/\/markficompany.com\/home\/wp-json\/wp\/v2\/types\/page"}],"author":[{"embeddable":true,"href":"https:\/\/markficompany.com\/home\/wp-json\/wp\/v2\/users\/1"}],"replies":[{"embeddable":true,"href":"https:\/\/markficompany.com\/home\/wp-json\/wp\/v2\/comments?post=33"}],"version-history":[{"count":47,"href":"https:\/\/markficompany.com\/home\/wp-json\/wp\/v2\/pages\/33\/revisions"}],"predecessor-version":[{"id":218,"href":"https:\/\/markficompany.com\/home\/wp-json\/wp\/v2\/pages\/33\/revisions\/218"}],"wp:attachment":[{"href":"https:\/\/markficompany.com\/home\/wp-json\/wp\/v2\/media?parent=33"}],"curies":[{"name":"wp","href":"https:\/\/api.w.org\/{rel}","templated":true}]}}