{"id":144,"date":"2023-07-22T03:41:11","date_gmt":"2023-07-22T03:41:11","guid":{"rendered":"https:\/\/markficompany.com\/home\/?page_id=144"},"modified":"2023-07-22T03:50:48","modified_gmt":"2023-07-22T03:50:48","slug":"cloud-architecture","status":"publish","type":"page","link":"https:\/\/markficompany.com\/home\/services\/cloud-architecture\/","title":{"rendered":"Cloud Architecture"},"content":{"rendered":"\n\n\n<h1 dir=\"ltr\" style=\"line-height: 1.295; margin-top: 0pt; margin-bottom: 8pt;\"><span id=\"docs-internal-guid-8cf8e702-7fff-00d1-4268-3f4bb41e961b\"><span style=\"font-variant-numeric: normal; font-variant-east-asian: normal; font-variant-alternates: normal; vertical-align: baseline;\">Cloud Architecture<\/span><\/span><\/h1>\n\n<p style=\"text-align: justify;\">\n<\/p><p dir=\"ltr\" style=\"line-height: 1.295; margin-top: 0pt; margin-bottom: 8pt; text-align: justify;\"><strong>Migramos tus datos a la nube para que puedas gestionarlos sac\u00e1ndoles su m\u00e1ximo potencial.&nbsp;<\/strong><\/p>\n<p dir=\"ltr\" style=\"line-height: 1.295; margin-top: 0pt; margin-bottom: 8pt; text-align: justify;\"><strong><\/strong><strong>El futuro est\u00e1 en la nube: Conoce nuestros servicios Cloud para empresas<\/strong><\/p><p dir=\"ltr\" style=\"line-height: 1.295; margin-top: 0pt; margin-bottom: 8pt; text-align: justify;\"><strong>Nuestros servicios cloud para empresas tienen relaci\u00f3n con la prestaci\u00f3n de servicios alojados en&nbsp;<\/strong><strong>la web. Se trata de una tecnolog\u00eda avanzada que hace que todos los archivos, programas e&nbsp;<\/strong><strong>informaci\u00f3n est\u00e9n almacenados en Internet, como en una \u201cnube\u201d, siendo completamente&nbsp;<\/strong><strong>irrelevante las capacidades de almacenaje de los ordenadores instalados por el cliente y&nbsp;<\/strong><strong>prescindiendo as\u00ed de los servidores tradicionales.<\/strong><\/p>\n<h2>Las ventajas<\/h2>\n\n<p dir=\"ltr\" style=\"line-height: 1.295; margin-top: 0pt; margin-bottom: 8pt;\"><strong><u>Flexibilidad y comodidad<\/u><\/strong><\/p><p dir=\"ltr\" style=\"line-height: 1.295; margin-top: 0pt; margin-bottom: 8pt;\">Al migrar un entorno de Analytics al mundo cloud la definici\u00f3n de una arquitectura arm\u00f3nica es muy importante tanto para el proyecto en si mismo, como para la escalabilidad del uso de la nube en la empresa. En MAS Analytics analizamos y recomendamos cu\u00e1l es la arquitectura m\u00e1s adecuada para cada uno de nuestros clientes, considerando su realidad y objetivos.<\/p><p dir=\"ltr\" style=\"line-height: 1.295; margin-top: 0pt; margin-bottom: 8pt;\"><strong><u><br><\/u><\/strong><\/p><p dir=\"ltr\" style=\"line-height: 1.295; margin-top: 0pt; margin-bottom: 8pt;\"><strong><u>Implementaci\u00f3n<\/u><\/strong><\/p><p dir=\"ltr\" style=\"line-height: 1.295; margin-top: 0pt; margin-bottom: 8pt;\">Realizamos todo el proceso de implementaci\u00f3n en la nube, esto desde la integraci\u00f3n de los sistemas y activaci\u00f3n de plataformas de big data para almacenar y procesar la informaci\u00f3n, hasta el desarrollo de reporter\u00eda con las herramientas que la nube disponibiliza.<\/p><p dir=\"ltr\" style=\"line-height: 1.295; margin-top: 0pt; margin-bottom: 8pt;\"><strong><u><br><\/u><\/strong><\/p><p dir=\"ltr\" style=\"line-height: 1.295; margin-top: 0pt; margin-bottom: 8pt;\"><strong><u>Conoce las ventajas del Cloud Architecture<\/u><\/strong><\/p><p dir=\"ltr\" style=\"line-height: 1.295; margin-top: 0pt; margin-bottom: 8pt;\"><ul><li>Cada d\u00eda son m\u00e1s las empresas que han decidido dejar sus servidores y migrar a la nube para almacenar y gestionar sus datos desde ah\u00ed, pero \u00bfsabes por qu\u00e9? El uso de esta tecnolog\u00eda te permite:<\/li><li><strong><br><\/strong><\/li><span style=\"line-height:2.0;\"><strong><li>\u00b7 Reducir costos de implementaci\u00f3n o mantenci\u00f3n<\/li><li>\u00b7&nbsp;Procesar grandes vol\u00famenes de datos a alta velocidad<\/li><li>\u00b7&nbsp;Tener almacenamiento ilimitado y con mayor flexibilidad<\/li><li>\u00b7&nbsp;Pagar solamente por lo que usas<\/li><li>\u00b7&nbsp;Acceder a la informaci\u00f3n desde cualquier lugar o dispositivo<\/li><li>\u00b7&nbsp;Optimizar tu trabajo gracias a la disponibilidad de los datos<\/li><li>\u00b7&nbsp;Respaldar y mantener la data siempre segura<\/li><li>\u00b7&nbsp;Tener un mayor control sobre las distintas herramientas y plataformas<\/li><li>\u00b7&nbsp;Generar reportes automatizados de forma f\u00e1cil con la ayuda del BI<\/li><li>\u00b7&nbsp;Detectar oportunidades o amenazas con modelos predictivos<\/li><\/strong><\/span><li><\/li><\/ul><\/p>\n\n\n\n\n","protected":false},"excerpt":{"rendered":"","protected":false},"author":1,"featured_media":0,"parent":31,"menu_order":0,"comment_status":"closed","ping_status":"closed","template":"","meta":{"_monsterinsights_skip_tracking":false,"_monsterinsights_sitenote_active":false,"_monsterinsights_sitenote_note":"","_monsterinsights_sitenote_category":0,"footnotes":""},"class_list":["post-144","page","type-page","status-publish","hentry"],"_links":{"self":[{"href":"https:\/\/markficompany.com\/home\/wp-json\/wp\/v2\/pages\/144","targetHints":{"allow":["GET"]}}],"collection":[{"href":"https:\/\/markficompany.com\/home\/wp-json\/wp\/v2\/pages"}],"about":[{"href":"https:\/\/markficompany.com\/home\/wp-json\/wp\/v2\/types\/page"}],"author":[{"embeddable":true,"href":"https:\/\/markficompany.com\/home\/wp-json\/wp\/v2\/users\/1"}],"replies":[{"embeddable":true,"href":"https:\/\/markficompany.com\/home\/wp-json\/wp\/v2\/comments?post=144"}],"version-history":[{"count":4,"href":"https:\/\/markficompany.com\/home\/wp-json\/wp\/v2\/pages\/144\/revisions"}],"predecessor-version":[{"id":148,"href":"https:\/\/markficompany.com\/home\/wp-json\/wp\/v2\/pages\/144\/revisions\/148"}],"up":[{"embeddable":true,"href":"https:\/\/markficompany.com\/home\/wp-json\/wp\/v2\/pages\/31"}],"wp:attachment":[{"href":"https:\/\/markficompany.com\/home\/wp-json\/wp\/v2\/media?parent=144"}],"curies":[{"name":"wp","href":"https:\/\/api.w.org\/{rel}","templated":true}]}}